{"id":6,"date":"2021-09-03T14:05:05","date_gmt":"2021-09-03T14:05:05","guid":{"rendered":"http:\/\/danmarksfodboldmuseum.dk.linux85.wannafindserver.dk\/?page_id=6"},"modified":"2021-09-05T15:25:06","modified_gmt":"2021-09-05T13:25:06","slug":"about","status":"publish","type":"page","link":"http:\/\/danmarksfodboldmuseum.dk\/index.php\/about\/","title":{"rendered":"Et museum til Danmarks nationalsport"},"content":{"rendered":"\n<p class=\"has-text-align-left\">Fodbold er en del af den danske kulturarv. Generation efter generation af danskere har haft et forhold til fodbolden, enten ved selv at have spillet, igennem deres yndlingsklub, som de har fulgt i medgang og modgang, eller ved p\u00e5 TV at have fulgt landsholdet i afg\u00f8rende kampe.<\/p>\n\n\n\n<p>Alle danskere over 30 \u00e5r husker givetvis, hvor de var hin mindev\u00e6rdige dag den 26. juni 1992, da Danmark besejrede Tyskland 2-0 i EM-finalen i Sverige, ligesom generationen f\u00f8r dem erindrer hvor de var, da Henry From reddede det ungarske straffespark i OL-semifinalen i 1960 i Rom.<\/p>\n\n\n\n<p>I betragtning af hvor mange museer, der er i Danmark, er det forbavsende, at der ikke findes et om nationalsporten.<\/p>\n\n\n\n<p>Danmarks Fodboldmuseum er etableret netop med henblik p\u00e5 at bevare den danske fodboldarv ved at have en permanent udstilling om dansk fodbolds historie og dens personligheder.<\/p>\n\n\n\n<p>Det er ligeledes hensigten, at museet l\u00f8bende sikres en alsidig og v\u00e6sentlig bredde i erhvervelsen af effekter, genstande, papirer og arkivalier om dansk fodbold, som har en historisk kildev\u00e6rdi, og at museet stiller alle disse effekter og arkivalier til r\u00e5dighed for forskning og kulturformidling for s\u00e5vel samtiden som eftertiden.<\/p>\n\n\n\n<p>Hidtil er der i Danmark ikke foretaget en officiel systematisk og bred indsamling i relation til fodbolden. Vi mener, det skal ske nu, hvis ikke den danske fodboldhistorie skal g\u00e5 tabt for eftertiden.<\/p>\n\n\n\n<h4 class=\"wp-block-heading\">Der er to hj\u00f8rnestene i projektet:<\/h4>\n\n\n\n<p><strong>Museum<\/strong><br>Et fysisk fodboldmuseum i forbindelse med det kommende stadion i Kongelunden i Aarhus, hvor hele historien om dansk fodbold med udstilling af genstande og fort\u00e6llinger kan udfoldes.<\/p>\n\n\n\n<div class=\"wp-block-buttons is-layout-flex wp-block-buttons-is-layout-flex\">\n<div class=\"wp-block-button\"><a class=\"wp-block-button__link\" href=\"https:\/\/kongelunden.aarhus.dk\/\" target=\"_blank\" rel=\"noreferrer noopener\">L\u00e6s mere om Vision KONGELUNDEN og NYT STADION<\/a><\/div>\n<\/div>\n\n\n\n<p><strong>Videnscenter<\/strong><br>En samling af ikke-udstillede effekter, et fodboldbibliotek og andre fodholdarkivalier, som skal stilles til r\u00e5dighed for historikere og andre interesserede.<\/p>\n\n\n\n<figure class=\"wp-block-image size-large\"><img loading=\"lazy\" decoding=\"async\" width=\"1024\" height=\"719\" src=\"http:\/\/danmarksfodboldmuseum.dk.linux85.wannafindserver.dk\/wp-content\/uploads\/2021\/09\/Billede3-1024x719.jpg\" alt=\"\" class=\"wp-image-92\" srcset=\"http:\/\/danmarksfodboldmuseum.dk\/wp-content\/uploads\/2021\/09\/Billede3-1024x719.jpg 1024w, http:\/\/danmarksfodboldmuseum.dk\/wp-content\/uploads\/2021\/09\/Billede3-300x211.jpg 300w, http:\/\/danmarksfodboldmuseum.dk\/wp-content\/uploads\/2021\/09\/Billede3-768x539.jpg 768w, http:\/\/danmarksfodboldmuseum.dk\/wp-content\/uploads\/2021\/09\/Billede3-1200x843.jpg 1200w, http:\/\/danmarksfodboldmuseum.dk\/wp-content\/uploads\/2021\/09\/Billede3.jpg 1511w\" sizes=\"auto, (max-width: 1024px) 100vw, 1024px\" \/><figcaption>Det er p\u00e5 det nuv\u00e6rende stadions placering, at der skal bygges et nyt fodboldstadion i Aarhus. Og her er det ambitionen, at Danmarks Fodboldmuseum skal have til huse. If\u00f8lge tidsplanen skal det nyt stadion st\u00e5 klar i 2026.<\/figcaption><\/figure>\n","protected":false},"excerpt":{"rendered":"<p>Fodbold er en del af den danske kulturarv. Generation efter generation af danskere har haft et forhold til fodbolden, enten ved selv at have spillet, igennem deres yndlingsklub, som de har fulgt i medgang og modgang, eller ved p\u00e5 TV at have fulgt landsholdet i afg\u00f8rende kampe. Alle danskere over 30 \u00e5r husker givetvis, hvor [&hellip;]<\/p>\n","protected":false},"author":1,"featured_media":0,"parent":0,"menu_order":0,"comment_status":"closed","ping_status":"closed","template":"","meta":{"footnotes":""},"class_list":["post-6","page","type-page","status-publish","hentry"],"_links":{"self":[{"href":"http:\/\/danmarksfodboldmuseum.dk\/index.php\/wp-json\/wp\/v2\/pages\/6","targetHints":{"allow":["GET"]}}],"collection":[{"href":"http:\/\/danmarksfodboldmuseum.dk\/index.php\/wp-json\/wp\/v2\/pages"}],"about":[{"href":"http:\/\/danmarksfodboldmuseum.dk\/index.php\/wp-json\/wp\/v2\/types\/page"}],"author":[{"embeddable":true,"href":"http:\/\/danmarksfodboldmuseum.dk\/index.php\/wp-json\/wp\/v2\/users\/1"}],"replies":[{"embeddable":true,"href":"http:\/\/danmarksfodboldmuseum.dk\/index.php\/wp-json\/wp\/v2\/comments?post=6"}],"version-history":[{"count":8,"href":"http:\/\/danmarksfodboldmuseum.dk\/index.php\/wp-json\/wp\/v2\/pages\/6\/revisions"}],"predecessor-version":[{"id":93,"href":"http:\/\/danmarksfodboldmuseum.dk\/index.php\/wp-json\/wp\/v2\/pages\/6\/revisions\/93"}],"wp:attachment":[{"href":"http:\/\/danmarksfodboldmuseum.dk\/index.php\/wp-json\/wp\/v2\/media?parent=6"}],"curies":[{"name":"wp","href":"https:\/\/api.w.org\/{rel}","templated":true}]}}